126
What is the greatest common divisor of 2527 and 5985?
133
Calculate the greatest common divisor of 5708 and 40.
4
Calculate the greatest common divisor of 1121 and 1349.
19
Calculate the greatest common factor of 8777 and 917.
131
What is the greatest common factor of 106048 and 320?
64
What is the greatest common divisor of 16 and 1426424?
8
What is the highest common divisor of 851 and 20309?
23
What is the highest common factor of 3431 and 2701?
73
Calculate the greatest common divisor of 24095 and 1830.
305
What is the highest common factor of 13720 and 530?
10
What is the highest common divisor of 10886900 and 200?
100
Calculate the highest common divisor of 7381 and 77.
11
What is the greatest common divisor of 29036 and 24752?
476
What is the highest common divisor of 2408435 and 655?
655
What is the highest common divisor of 595 and 6581295?
595
Calculate the highest common divisor of 8224 and 258542.
514
What is the highest common factor of 1191528 and 323?
19
Calculate the highest common factor of 5548 and 10804.
292
Calculate the greatest common factor of 54 and 1674.
54
Calculate the highest common factor of 480 and 553200.
240
Calculate the highest common factor of 28 and 36460.
4
What is the greatest common factor of 796 and 18706?
398
What is the highest common divisor of 1617 and 2961?
21
What is the greatest common divisor of 16 and 672840?
8
Calculate the greatest common divisor of 40 and 12916.
4
Calculate the greatest common factor of 24990 and 4.
2
Calculate the greatest common divisor of 955623 and 177.
177
What is the highest common divisor of 24024 and 23496?
264
Calculate the greatest common divisor of 229 and 47632.
229
Calculate the greatest common factor of 5760 and 49410.
90
What is the greatest common factor of 276528 and 336?
336
Calculate the highest common divisor of 71424 and 1008.
144
Calculate the highest common factor of 88 and 2214949.
11
Calculate the greatest common divisor of 275704 and 4576.
1144
What is the highest common divisor of 3672 and 1080?
216
What is the greatest common factor of 336 and 121008?
48
What is the greatest common factor of 221 and 10243129?
221
Calculate the highest common factor of 292 and 381133.
73
What is the highest common factor of 39 and 441987?
39
Calculate the highest common divisor of 637 and 2397668.
637
What is the highest common divisor of 3100 and 44500?
100
Calculate the greatest common factor of 2849 and 98329.
77
What is the greatest common divisor of 65 and 50830?
65
Calculate the greatest common factor of 3936 and 64698.
246
What is the greatest common factor of 121680 and 840?
120
What is the greatest common factor of 25046 and 56?
14
Calculate the greatest common factor of 8575 and 1010625.
1225
What is the highest common factor of 4332 and 5358?
114
Calculate the highest common factor of 2244 and 175967.
187
Calculate the greatest common factor of 24 and 4830492.
12
Calculate the greatest common factor of 146790 and 7223.
233
Calculate the greatest common factor of 48966 and 6.
6
Calculate the greatest common factor of 175 and 53949.
7
Calculate the highest common factor of 5605 and 2755.
95
What is the greatest common divisor of 629 and 5513?
37
Calculate the greatest common factor of 1353744 and 544.
272
Calculate the greatest common factor of 528 and 5392.
16
What is the greatest common factor of 1632 and 268974?
102
What is the greatest common divisor of 1607443 and 31?
31
What is the greatest common factor of 67795 and 28665?
455
What is the highest common divisor of 749212 and 56?
4
What is the greatest common divisor of 6 and 1280349?
3
Calculate the highest common divisor of 258172 and 516.
172
Calculate the highest common factor of 2101 and 121285.
191
What is the greatest common factor of 234 and 64038?
78
What is the greatest common divisor of 13 and 993252?
13
Calculate the highest common factor of 6072 and 35904.
264
Calculate the greatest common factor of 24 and 210744.
24
Calculate the highest common divisor of 28712 and 15908.
388
Calculate the greatest common divisor of 22440 and 24.
24
Calculate the greatest common divisor of 7293 and 1309.
187
Calculate the greatest common divisor of 64 and 46432.
32
What is the highest common divisor of 276545 and 1558?
779
Calculate the highest common divisor of 538384 and 266.
266
Calculate the highest common divisor of 185 and 2.
1
What is the highest common factor of 410 and 1312?
82
What is the highest common factor of 1377310 and 190?
190
Calculate the highest common factor of 261282 and 189.
21
What is the greatest common divisor of 245936 and 1672?
152
Calculate the highest common divisor of 116 and 4739992.
116
What is the greatest common factor of 11 and 164813?
11
What is the highest common factor of 1235 and 16510?
65
Calculate the greatest common divisor of 114 and 9504.
6
Calculate the greatest common factor of 14960 and 1190.
170
Calculate the highest common factor of 76 and 1527733.
19
What is the greatest common divisor of 76 and 627?
19
What is the highest common divisor of 9805 and 848?
53
Calculate the highest common factor of 439580 and 4960.
620
Calculate the highest common factor of 2 and 12150.
2
Calculate the highest common factor of 2552748 and 664.
332
Calculate the greatest common factor of 29224 and 5058.
562
What is the highest common divisor of 934644 and 1704?
852
What is the highest common divisor of 24 and 14096?
8
Calculate the greatest common factor of 12990 and 390.
30
Calculate the highest common factor of 897106 and 2766.
922
What is the highest common divisor of 66011 and 9884?
353
Calculate the greatest common factor of 521661 and 42.
21
What is the greatest common factor of 30 and 43905?
15
What is the greatest common factor of 2639 and 102718?
203
Calculate the highest common factor of 77 and 392623.
77
What is the greatest common divisor of 31064 and 352?
88
What is the greatest common divisor of 616919 and 994?
71
Calculate the highest common divisor of 19484829 and 1443.
1443
Calculate the greatest common divisor of 5094 and 24606.
18
Calculate the greatest common factor of 1183491 and 2052.
513
Calculate the highest common factor of 1626 and 13817748.
1626
Calculate the highest common divisor of 7520 and 18496.
32
Calculate the greatest common divisor of 24 and 592560.
24
Calculate the greatest common factor of 591871 and 94.
47
Calculate the greatest common factor of 816069 and 3914.
1957
Calculate the greatest common factor of 8477 and 98.
49
What is the greatest common factor of 55919 and 4777?
281
What is the highest common divisor of 295 and 152161?
59
Calculate the highest common factor of 45212 and 635.
127
Calculate the greatest common factor of 190107 and 648.
81
Calculate the highest common factor of 18140 and 160.
20
Calculate the greatest common divisor of 633471 and 816.
51
What is the highest common factor of 125425 and 175?
25
Calculate the highest common divisor of 35721 and 180063.
729
What is the highest common divisor of 101 and 252803?
101
Calculate the greatest common divisor of 5696 and 364.
4
What is the highest common divisor of 170080 and 5280?
160
What is the greatest common divisor of 9797 and 16781?
97
What is the highest common factor of 80388 and 6496?
812
What is the highest common divisor of 30885 and 3480?
435
What is the greatest common factor of 8274 and 138?
6
Calculate the highest common divisor of 11341 and 2827.
11
Calculate the highest common factor of 160560 and 540.
180
Calculate the highest common divisor of 2318 and 10614.
122
Calculate the highest common divisor of 11385 and 1584.
99
Calculate the greatest common factor of 52 and 281164.
52
What is the greatest common factor of 245 and 174111?
7
Calculate the highest common divisor of 704 and 15928.
88
What is the highest common divisor of 720 and 1980?
180
Calculate the greatest common factor of 871 and 2479.
67
Calculate the greatest common divisor of 6901 and 7772.
67
Calculate the highest common divisor of 4604391 and 4995.
999
What is the greatest common factor of 88 and 54296?
88
Calculate the highest common factor of 354306 and 6.
6
Calculate the greatest common divisor of 1575 and 22400.
175
Calculate the greatest common factor of 928 and 25600.
32